{"id":2175,"date":"2024-08-02T14:46:04","date_gmt":"2024-08-02T12:46:04","guid":{"rendered":"https:\/\/www.spvgg-dresden-l\u00f6btau.de\/?page_id=2175"},"modified":"2025-06-03T23:20:53","modified_gmt":"2025-06-03T21:20:53","slug":"siggi-franz-gedaechtnisturnier-2025","status":"publish","type":"page","link":"https:\/\/www.spvgg-dresden-l\u00f6btau.de\/?page_id=2175","title":{"rendered":"Siggi-Franz-Ged\u00e4chtnisturniere 2025 &#8211; Archiv"},"content":{"rendered":"\n<figure class=\"wp-block-image size-large\"><img loading=\"lazy\" decoding=\"async\" width=\"1024\" height=\"682\" src=\"https:\/\/www.spvgg-dresden-l\u00f6btau.de\/wp-content\/uploads\/WhatsApp-Image-2022-04-29-at-22.41.43-1-1024x682.jpeg\" alt=\"\" class=\"wp-image-1442\" srcset=\"https:\/\/www.spvgg-dresden-l\u00f6btau.de\/wp-content\/uploads\/WhatsApp-Image-2022-04-29-at-22.41.43-1-1024x682.jpeg 1024w, https:\/\/www.spvgg-dresden-l\u00f6btau.de\/wp-content\/uploads\/WhatsApp-Image-2022-04-29-at-22.41.43-1-300x200.jpeg 300w, https:\/\/www.spvgg-dresden-l\u00f6btau.de\/wp-content\/uploads\/WhatsApp-Image-2022-04-29-at-22.41.43-1-150x100.jpeg 150w, https:\/\/www.spvgg-dresden-l\u00f6btau.de\/wp-content\/uploads\/WhatsApp-Image-2022-04-29-at-22.41.43-1-768x512.jpeg 768w, https:\/\/www.spvgg-dresden-l\u00f6btau.de\/wp-content\/uploads\/WhatsApp-Image-2022-04-29-at-22.41.43-1-1536x1023.jpeg 1536w, https:\/\/www.spvgg-dresden-l\u00f6btau.de\/wp-content\/uploads\/WhatsApp-Image-2022-04-29-at-22.41.43-1-90x60.jpeg 90w, https:\/\/www.spvgg-dresden-l\u00f6btau.de\/wp-content\/uploads\/WhatsApp-Image-2022-04-29-at-22.41.43-1.jpeg 1600w\" sizes=\"auto, (max-width: 1024px) 100vw, 1024px\" \/><\/figure>\n\n\n\n<p>Liebe Sportfreunde,<\/p>\n\n\n\n<p>wir laden euch recht herzlich zu unseren Siggi-Franz-Ged\u00e4chtnisturnieren 2025 ein! Gespielt wird auf unserem Platz auf der SpA Malterstra\u00dfe 18 in 01159 Dresden!<\/p>\n\n\n\n<p>Wie jedes Jahr freuen wir uns \u00fcber ALLE MANNSCHAFTEN von nah und fern, denn Dresden ist wie immer eine Reise wert! Leider k\u00f6nnen wir dieses Jahr nicht wie geplant nach Ostern spielen, da dort f\u00fcr unseren Nachwuchs Spiele und Festivals angesetzt sind. Deshalb werden wir am Wochenende vom 30.05. &#8211; 01.06.2024. Seid dabei, wenn die Kinder und Jugendlichen auf Torejagd gehen!<\/p>\n\n\n\n<p>Die Turniere der M\u00e4dchen und Frauen finden Ende Juni 2025 statt. Dazu mehr auf folgender Seite:<\/p>\n\n\n\n<p>Die vollst\u00e4ndige Einladung findet ihr am Ende der Seite! Die Anmeldungen bitte wie immer an unseren Matthias Lohoff: <a href=\"mailto:http:\/\/turniere@spvgg-dresden-l\u00f6btau.de\" data-type=\"mailto\" data-id=\"mailto:http:\/\/turniere@spvgg-dresden-l\u00f6btau.de\">turniere@spvgg-dresden-l\u00f6btau.de<\/a> oder <a href=\"mailto:matthiaslohoff_fussball@outlook.de\" data-type=\"mailto\" data-id=\"mailto:matthiaslohoff_fussball@outlook.de\">matthiaslohoff_fussball@outlook.de<\/a><\/p>\n\n\n\n<p>Die Seite wird regelm\u00e4\u00dfig aktualisiert, sodass ihr sehen k\u00f6nnt, ob noch Pl\u00e4tze frei sind oder welche Vereine potentielle Gegner von euch sein k\u00f6nnten. Und nun &#8211; schnell anmelden \ud83d\ude42<\/p>\n\n\n\n<p>finale Aktualisierung: 01.05.2025 &#8211; 18 Uhr<\/p>\n\n\n\n<h2 class=\"wp-block-heading\">Teilnehmerfeld:<\/h2>\n\n\n\n<h3 class=\"wp-block-heading\">Freitag, 30.05.2025, 16:30 &#8211; 19:00 Uhr -&gt; Bambinis (Funino): &#8211;&gt; AUSGEBUCHT!!!<\/h3>\n\n\n\n<figure class=\"wp-block-table\"><table><tbody><tr><td>SpVgg. Dresden-L\u00f6btau 1893 I<\/td><td>SpVgg. Dresden-L\u00f6btau 1893 II<\/td><\/tr><tr><td>Post SV Dresden<\/td><td>Dresdner SC<\/td><\/tr><tr><td>FSV Union F\u00fcrstenwalde<\/td><td>FSG Wacker 90 Dresden-Leuben<\/td><\/tr><tr><td>Kicker 09 Frauendorf-Lindendorf<\/td><td><\/td><\/tr><\/tbody><\/table><\/figure>\n\n\n\n<p>Link zum Bericht: <a href=\"https:\/\/www.spvgg-dresden-l\u00f6btau.de\/?p=4448\" data-type=\"post\" data-id=\"4448\">Siggi-Franz-Ged\u00e4chtnisturniere 2025 (1): Bambinis<\/a><\/p>\n\n\n\n<h3 class=\"wp-block-heading\">Samstag, 31.05.2025, 10:00 &#8211; 17:30 Uhr -&gt; D-Junioren (U13\/U12): &#8211;&gt; AUSGEBUCHT!!!<\/h3>\n\n\n\n<figure class=\"wp-block-table\"><table><tbody><tr><td>SpVgg. Dresden-L\u00f6btau 1893 D1<\/td><td>SpVgg. Dresden-L\u00f6btau 1893 D2<\/td><\/tr><tr><td>SpVgg. Dresden-L\u00f6btau 1893 D3<\/td><td>SV Helios 24 Dresden<\/td><\/tr><tr><td><\/td><td>FV Dresden S\u00fcd-West<\/td><\/tr><tr><td>SV Blau-Wei\u00df Deutsch Ossig<\/td><td>Post SV Dresden<\/td><\/tr><tr><td><\/td><td><\/td><\/tr><tr><td>Heidenauer SV<\/td><td>Roter Stern Leipzig<\/td><\/tr><tr><td>FV Blau\/Wei\u00df Zschachwitz<\/td><td>SG Dresden Striesen<\/td><\/tr><tr><td>SV Chemie Dohna<\/td><td>SG Motor Trachenberge <\/td><\/tr><\/tbody><\/table><\/figure>\n\n\n\n<p>Link zum Bericht: <a href=\"https:\/\/www.spvgg-dresden-l\u00f6btau.de\/?p=4458\" data-type=\"post\" data-id=\"4458\">Siggi-Franz-Ged\u00e4chtnisturniere 2025 (2): D-Junioren<\/a><\/p>\n\n\n\n<h3 class=\"wp-block-heading\">Sonntag, 01.06.2025, 09:00 &#8211; 13:30 Uhr -&gt; F-Junioren (U9\/U8): &#8211;&gt; AUSGEBUCHT!!!<\/h3>\n\n\n\n<figure class=\"wp-block-table\"><table><tbody><tr><td>SpVgg. Dresden-L\u00f6btau 1893 F1<\/td><td>SpVgg. Dresden-L\u00f6btau 1893 F2<\/td><\/tr><tr><td>SV Bannewitz<\/td><td>TuS Weinb\u00f6hla<\/td><\/tr><tr><td>SSV Turbine Dresden<\/td><td>SG B\u00fchlau 09<\/td><\/tr><tr><td>VfL Halle 96<\/td><td>SpVgg. Dresden-L\u00f6btau 1893 F3<\/td><\/tr><tr><td>Berbisdorfer SV<\/td><td>BSC Freiberg <\/td><\/tr><tr><td>SV Bischheim-H\u00e4slich<\/td><td>VfB Zwenkau 02<\/td><\/tr><tr><td>NFV Gelb\/Wei\u00df G\u00f6rlitz<\/td><td>Post SV Dresden I<\/td><\/tr><tr><td>Post SV Dresden II<\/td><td>FSG Wacker 90 Dresden-Leuben<\/td><\/tr><\/tbody><\/table><\/figure>\n\n\n\n<p>Link zum Bericht: <a href=\"https:\/\/www.spvgg-dresden-l\u00f6btau.de\/?p=4488\" data-type=\"post\" data-id=\"4488\">Siggi-Franz-Ged\u00e4chtnisturniere 2025 (3): F-Junioren<\/a><\/p>\n\n\n\n<h3 class=\"wp-block-heading\">Sonntag, 01.06.2025, 14:00 &#8211; 18:30 Uhr -&gt; E-Junioren (U11\/U10): &#8211;&gt; AUSGEBUCHT!!!<\/h3>\n\n\n\n<figure class=\"wp-block-table\"><table class=\"has-fixed-layout\"><tbody><tr><td>SpVgg. Dresden-L\u00f6btau 1893 E1<\/td><td>SpVgg. Dresden-L\u00f6btau 1893 E2<\/td><\/tr><tr><td>FSV Motor Brand-Erbisdorf<\/td><td>SG Motor Dresden-Trachenberge<\/td><\/tr><tr><td>FSG Wacker 90 Dresden-Leuben<\/td><td>TSV Reichenberg-Boxdorf<\/td><\/tr><tr><td>FC Eilenburg<\/td><td>SG Taucha<\/td><\/tr><tr><td>SG Gebergrund Goppeln<\/td><td>FV Blau\/Wei\u00df Zschachwitz<\/td><\/tr><tr><td>SG B\u00fchlau 09<\/td><td>Heidenauer SV<\/td><\/tr><tr><td>FC Borussia Brandenburg<\/td><td>Radebeuler BC<\/td><\/tr><tr><td>NFV Gelb\/Wei\u00df G\u00f6rlitz<\/td><td>SV Blau-Wei\u00df D\u00f6lau Halle (Saale)<\/td><\/tr><tr><td>Dresdner SSV<\/td><td>SV Laubusch Seenlandkicker<\/td><\/tr><tr><td>SG D\u00f6lzschen <\/td><td>SpVgg. Dresden-L\u00f6btau 1893 E3-Juniorinnen<\/td><\/tr><\/tbody><\/table><\/figure>\n\n\n\n<p>Link zum Bericht: <a href=\"https:\/\/www.spvgg-dresden-l\u00f6btau.de\/?p=4492\" data-type=\"post\" data-id=\"4492\">Siggi-Franz-Ged\u00e4chtnisturniere 2025 (4): E-Junioren<\/a><\/p>\n\n\n<a href=\"https:\/\/www.spvgg-dresden-l\u00f6btau.de\/wp-content\/uploads\/Plakat-Siggi-Franz-Gedaechtnisturnierserie-2025.pdf\" class=\"pdfemb-viewer\" style=\"\" data-width=\"max\" data-height=\"max\" data-toolbar=\"bottom\" data-toolbar-fixed=\"off\">Plakat-Siggi-Franz-Gedaechtnisturnierserie-2025<\/a>\n\n\n<p><\/p>\n","protected":false},"excerpt":{"rendered":"<p>Liebe Sportfreunde, wir laden euch recht herzlich zu unseren Siggi-Franz-Ged\u00e4chtnisturnieren 2025 ein! Gespielt wird auf unserem Platz auf der SpA Malterstra\u00dfe 18 in 01159 Dresden! Wie jedes Jahr freuen wir uns \u00fcber ALLE MANNSCHAFTEN von nah und fern, denn Dresden ist wie immer eine Reise wert! Leider k\u00f6nnen wir dieses Jahr nicht wie geplant nach Ostern spielen, da dort f\u00fcr [&#8230;]<\/p>\n","protected":false},"author":4,"featured_media":0,"parent":0,"menu_order":0,"comment_status":"closed","ping_status":"closed","template":"","meta":{"footnotes":""},"class_list":["post-2175","page","type-page","status-publish","hentry"],"_links":{"self":[{"href":"https:\/\/www.spvgg-dresden-l\u00f6btau.de\/index.php?rest_route=\/wp\/v2\/pages\/2175","targetHints":{"allow":["GET"]}}],"collection":[{"href":"https:\/\/www.spvgg-dresden-l\u00f6btau.de\/index.php?rest_route=\/wp\/v2\/pages"}],"about":[{"href":"https:\/\/www.spvgg-dresden-l\u00f6btau.de\/index.php?rest_route=\/wp\/v2\/types\/page"}],"author":[{"embeddable":true,"href":"https:\/\/www.spvgg-dresden-l\u00f6btau.de\/index.php?rest_route=\/wp\/v2\/users\/4"}],"replies":[{"embeddable":true,"href":"https:\/\/www.spvgg-dresden-l\u00f6btau.de\/index.php?rest_route=%2Fwp%2Fv2%2Fcomments&post=2175"}],"version-history":[{"count":48,"href":"https:\/\/www.spvgg-dresden-l\u00f6btau.de\/index.php?rest_route=\/wp\/v2\/pages\/2175\/revisions"}],"predecessor-version":[{"id":4517,"href":"https:\/\/www.spvgg-dresden-l\u00f6btau.de\/index.php?rest_route=\/wp\/v2\/pages\/2175\/revisions\/4517"}],"wp:attachment":[{"href":"https:\/\/www.spvgg-dresden-l\u00f6btau.de\/index.php?rest_route=%2Fwp%2Fv2%2Fmedia&parent=2175"}],"curies":[{"name":"wp","href":"https:\/\/api.w.org\/{rel}","templated":true}]}}