{"id":14,"date":"2018-11-27T09:27:38","date_gmt":"2018-11-27T09:27:38","guid":{"rendered":"http:\/\/xn--spvgg-dresden-lbtau-46b.de\/?page_id=14"},"modified":"2026-04-12T15:38:39","modified_gmt":"2026-04-12T13:38:39","slug":"abteilungsleitung","status":"publish","type":"page","link":"https:\/\/www.spvgg-dresden-l\u00f6btau.de\/?page_id=14","title":{"rendered":"Ansprechpartner"},"content":{"rendered":"<div class=\"wp-block-image\">\n<figure class=\"aligncenter size-large\"><img loading=\"lazy\" decoding=\"async\" width=\"1024\" height=\"768\" src=\"https:\/\/www.spvgg-dresden-l\u00f6btau.de\/wp-content\/uploads\/IMG-20250320-WA0029-1024x768.jpg\" alt=\"\" class=\"wp-image-4129\" srcset=\"https:\/\/www.spvgg-dresden-l\u00f6btau.de\/wp-content\/uploads\/IMG-20250320-WA0029-1024x768.jpg 1024w, https:\/\/www.spvgg-dresden-l\u00f6btau.de\/wp-content\/uploads\/IMG-20250320-WA0029-300x225.jpg 300w, https:\/\/www.spvgg-dresden-l\u00f6btau.de\/wp-content\/uploads\/IMG-20250320-WA0029-150x113.jpg 150w, https:\/\/www.spvgg-dresden-l\u00f6btau.de\/wp-content\/uploads\/IMG-20250320-WA0029-768x576.jpg 768w, https:\/\/www.spvgg-dresden-l\u00f6btau.de\/wp-content\/uploads\/IMG-20250320-WA0029-1536x1152.jpg 1536w, https:\/\/www.spvgg-dresden-l\u00f6btau.de\/wp-content\/uploads\/IMG-20250320-WA0029.jpg 2048w\" sizes=\"auto, (max-width: 1024px) 100vw, 1024px\" \/><\/figure>\n<\/div>\n\n\n<p>Auf dieser Seite befindet sich eine \u00dcbersicht von all unseren wichtigen Ansprechpartnern. Zum einen die Abteilungsleitung, welche aus drei Personen besteht, und den, in den beratender Funktion bestehenden, Beirat.<\/p>\n\n\n\n<h2 class=\"wp-block-heading\">Abteilungsleitung:<\/h2>\n\n\n\n<figure class=\"wp-block-table\"><table><tbody><tr><td><img loading=\"lazy\" decoding=\"async\" width=\"100\" height=\"133\" class=\"wp-image-4131\" style=\"width: 100px;\" src=\"https:\/\/www.spvgg-dresden-l\u00f6btau.de\/wp-content\/uploads\/IMG-20250320-WA0031.jpg\" alt=\"\" srcset=\"https:\/\/www.spvgg-dresden-l\u00f6btau.de\/wp-content\/uploads\/IMG-20250320-WA0031.jpg 1536w, https:\/\/www.spvgg-dresden-l\u00f6btau.de\/wp-content\/uploads\/IMG-20250320-WA0031-225x300.jpg 225w, https:\/\/www.spvgg-dresden-l\u00f6btau.de\/wp-content\/uploads\/IMG-20250320-WA0031-768x1024.jpg 768w, https:\/\/www.spvgg-dresden-l\u00f6btau.de\/wp-content\/uploads\/IMG-20250320-WA0031-113x150.jpg 113w, https:\/\/www.spvgg-dresden-l\u00f6btau.de\/wp-content\/uploads\/IMG-20250320-WA0031-1152x1536.jpg 1152w\" sizes=\"auto, (max-width: 100px) 100vw, 100px\" \/><br>Steffen Hille<\/td><td class=\"has-text-align-center\" data-align=\"center\"><strong>Abteilungsleiter, Kassenwart<\/strong><\/td><td class=\"has-text-align-center\" data-align=\"center\"><a href=\"mailto:steffenc.hill@arcor.de\" target=\"_blank\" rel=\"noreferrer noopener\">steffenc.hill@arcor.de<\/a><\/td><td class=\"has-text-align-center\" data-align=\"center\">Telefon:  <span id=\"eeb-129308-870556\"><\/span><script type=\"text\/javascript\">(function() {var ml=\"120-7586\",mi=\"2050734516715\",o=\"\";for(var j=0,l=mi.length;j<l;j++) {o+=ml.charAt(mi.charCodeAt(j)-48);}document.getElementById(\"eeb-129308-870556\").innerHTML = decodeURIComponent(o);}());<\/script><noscript>*protected email*<\/noscript> <\/td><\/tr><tr><td><img loading=\"lazy\" decoding=\"async\" width=\"100\" height=\"133\" class=\"wp-image-4140\" style=\"width: 100px;\" src=\"https:\/\/www.spvgg-dresden-l\u00f6btau.de\/wp-content\/uploads\/IMG-20250320-WA0040.jpg\" alt=\"\" srcset=\"https:\/\/www.spvgg-dresden-l\u00f6btau.de\/wp-content\/uploads\/IMG-20250320-WA0040.jpg 1536w, https:\/\/www.spvgg-dresden-l\u00f6btau.de\/wp-content\/uploads\/IMG-20250320-WA0040-225x300.jpg 225w, https:\/\/www.spvgg-dresden-l\u00f6btau.de\/wp-content\/uploads\/IMG-20250320-WA0040-768x1024.jpg 768w, https:\/\/www.spvgg-dresden-l\u00f6btau.de\/wp-content\/uploads\/IMG-20250320-WA0040-113x150.jpg 113w, https:\/\/www.spvgg-dresden-l\u00f6btau.de\/wp-content\/uploads\/IMG-20250320-WA0040-1152x1536.jpg 1152w\" sizes=\"auto, (max-width: 100px) 100vw, 100px\" \/><br>Susan Kosel<\/td><td class=\"has-text-align-center\" data-align=\"center\"><strong>stellvertretende Abteilungsleiterin,<\/strong><br><strong>Mitgliederwesen\/Beitr\u00e4ge<\/strong><\/td><td class=\"has-text-align-center\" data-align=\"center\"><a href=\"mailto:fussball@spvgg-dresden-l\u00f6btau.de\" target=\"_blank\" rel=\"noreferrer noopener\">fussball@spvgg-dresden-l\u00f6btau.de<\/a><\/td><td class=\"has-text-align-center\" data-align=\"center\">Telefon:  <span id=\"eeb-35191-693730\"><\/span><script type=\"text\/javascript\">(function() {var ml=\"7938102-\",mi=\"540173305256\",o=\"\";for(var j=0,l=mi.length;j<l;j++) {o+=ml.charAt(mi.charCodeAt(j)-48);}document.getElementById(\"eeb-35191-693730\").innerHTML = decodeURIComponent(o);}());<\/script><noscript>*protected email*<\/noscript> <\/td><\/tr><tr><td><img loading=\"lazy\" decoding=\"async\" width=\"100\" height=\"133\" class=\"wp-image-4138\" style=\"width: 100px;\" src=\"https:\/\/www.spvgg-dresden-l\u00f6btau.de\/wp-content\/uploads\/IMG-20250320-WA0038.jpg\" alt=\"\" srcset=\"https:\/\/www.spvgg-dresden-l\u00f6btau.de\/wp-content\/uploads\/IMG-20250320-WA0038.jpg 1536w, https:\/\/www.spvgg-dresden-l\u00f6btau.de\/wp-content\/uploads\/IMG-20250320-WA0038-225x300.jpg 225w, https:\/\/www.spvgg-dresden-l\u00f6btau.de\/wp-content\/uploads\/IMG-20250320-WA0038-768x1024.jpg 768w, https:\/\/www.spvgg-dresden-l\u00f6btau.de\/wp-content\/uploads\/IMG-20250320-WA0038-113x150.jpg 113w, https:\/\/www.spvgg-dresden-l\u00f6btau.de\/wp-content\/uploads\/IMG-20250320-WA0038-1152x1536.jpg 1152w\" sizes=\"auto, (max-width: 100px) 100vw, 100px\" \/><br>Max K\u00fcttner<\/td><td class=\"has-text-align-center\" data-align=\"center\"><strong>Sportlicher Leiter, Sponsoring<\/strong><\/td><td class=\"has-text-align-center\" data-align=\"center\"><a href=\"Mailto:m.kuettner@spvgg-dresden-l\u00f6btau.de\" target=\"_blank\" rel=\"noreferrer noopener\">m.kuettner@spvgg-dresden-l\u00f6btau.de<\/a><\/td><td class=\"has-text-align-center\" data-align=\"center\">Telefon: <span id=\"eeb-805543-717521\"><\/span><script type=\"text\/javascript\">(function() {var ml=\"5087-31\",mi=\"163542310062\",o=\"\";for(var j=0,l=mi.length;j<l;j++) {o+=ml.charAt(mi.charCodeAt(j)-48);}document.getElementById(\"eeb-805543-717521\").innerHTML = decodeURIComponent(o);}());<\/script><noscript>*protected email*<\/noscript><\/td><\/tr><\/tbody><\/table><\/figure>\n\n\n\n<h2 class=\"wp-block-heading\">Beirat:<\/h2>\n\n\n\n<figure class=\"wp-block-table\"><table><tbody><tr><td><img loading=\"lazy\" decoding=\"async\" width=\"100\" height=\"133\" class=\"wp-image-4139\" style=\"width: 100px;\" src=\"https:\/\/www.spvgg-dresden-l\u00f6btau.de\/wp-content\/uploads\/IMG-20250320-WA0039.jpg\" alt=\"\" srcset=\"https:\/\/www.spvgg-dresden-l\u00f6btau.de\/wp-content\/uploads\/IMG-20250320-WA0039.jpg 1535w, https:\/\/www.spvgg-dresden-l\u00f6btau.de\/wp-content\/uploads\/IMG-20250320-WA0039-225x300.jpg 225w, https:\/\/www.spvgg-dresden-l\u00f6btau.de\/wp-content\/uploads\/IMG-20250320-WA0039-768x1025.jpg 768w, https:\/\/www.spvgg-dresden-l\u00f6btau.de\/wp-content\/uploads\/IMG-20250320-WA0039-112x150.jpg 112w, https:\/\/www.spvgg-dresden-l\u00f6btau.de\/wp-content\/uploads\/IMG-20250320-WA0039-1151x1536.jpg 1151w\" sizes=\"auto, (max-width: 100px) 100vw, 100px\" \/><br>Eric Sobczak<\/td><td class=\"has-text-align-center\" data-align=\"center\"><strong>Sponsoring, Trainerentwicklung<\/strong><\/td><td class=\"has-text-align-center\" data-align=\"center\"><a href=\"mailto:sponsoring@spvgg-dresden-l\u00f6btau.de\" target=\"_blank\" rel=\"noreferrer noopener\">sponsoring@spvgg-dresden-l\u00f6btau.de<\/a><\/td><td class=\"has-text-align-center\" data-align=\"center\">Telefon: <span id=\"eeb-243086-565890\"><\/span><script type=\"text\/javascript\">(function() {var ml=\"73045169-\",mi=\"2506816173174\",o=\"\";for(var j=0,l=mi.length;j<l;j++) {o+=ml.charAt(mi.charCodeAt(j)-48);}document.getElementById(\"eeb-243086-565890\").innerHTML = decodeURIComponent(o);}());<\/script><noscript>*protected email*<\/noscript><\/td><\/tr><tr><td><img loading=\"lazy\" decoding=\"async\" width=\"100\" height=\"133\" class=\"wp-image-4142\" style=\"width: 100px;\" src=\"https:\/\/www.spvgg-dresden-l\u00f6btau.de\/wp-content\/uploads\/IMG-20250320-WA0042.jpg\" alt=\"\" srcset=\"https:\/\/www.spvgg-dresden-l\u00f6btau.de\/wp-content\/uploads\/IMG-20250320-WA0042.jpg 1536w, https:\/\/www.spvgg-dresden-l\u00f6btau.de\/wp-content\/uploads\/IMG-20250320-WA0042-225x300.jpg 225w, https:\/\/www.spvgg-dresden-l\u00f6btau.de\/wp-content\/uploads\/IMG-20250320-WA0042-768x1024.jpg 768w, https:\/\/www.spvgg-dresden-l\u00f6btau.de\/wp-content\/uploads\/IMG-20250320-WA0042-113x150.jpg 113w, https:\/\/www.spvgg-dresden-l\u00f6btau.de\/wp-content\/uploads\/IMG-20250320-WA0042-1152x1536.jpg 1152w\" sizes=\"auto, (max-width: 100px) 100vw, 100px\" \/><br>Paul Hampel<\/td><td class=\"has-text-align-center\" data-align=\"center\"><strong>Nachwuchsleiter Gro\u00dffeld,<\/strong><br><strong>DFBnet<\/strong><\/td><td class=\"has-text-align-center\" data-align=\"center\"><a href=\"mailto:paul.hampel@spvgg-dresden-l\u00f6btau.de\" target=\"_blank\" rel=\"noreferrer noopener\">paul.hampel@spvgg-dresden-l\u00f6btau.de<\/a><\/td><td class=\"has-text-align-center\" data-align=\"center\">Telefon: <span id=\"eeb-718321-913787\"><\/span><script type=\"text\/javascript\">(function() {var ml=\"-4306218\",mi=\"364506751223\",o=\"\";for(var j=0,l=mi.length;j<l;j++) {o+=ml.charAt(mi.charCodeAt(j)-48);}document.getElementById(\"eeb-718321-913787\").innerHTML = decodeURIComponent(o);}());<\/script><noscript>*protected email*<\/noscript><\/td><\/tr><tr><td><img loading=\"lazy\" decoding=\"async\" width=\"100\" height=\"133\" class=\"wp-image-4137\" style=\"width: 100px;\" src=\"https:\/\/www.spvgg-dresden-l\u00f6btau.de\/wp-content\/uploads\/IMG-20250320-WA0037.jpg\" alt=\"\" srcset=\"https:\/\/www.spvgg-dresden-l\u00f6btau.de\/wp-content\/uploads\/IMG-20250320-WA0037.jpg 1536w, https:\/\/www.spvgg-dresden-l\u00f6btau.de\/wp-content\/uploads\/IMG-20250320-WA0037-225x300.jpg 225w, https:\/\/www.spvgg-dresden-l\u00f6btau.de\/wp-content\/uploads\/IMG-20250320-WA0037-768x1024.jpg 768w, https:\/\/www.spvgg-dresden-l\u00f6btau.de\/wp-content\/uploads\/IMG-20250320-WA0037-113x150.jpg 113w, https:\/\/www.spvgg-dresden-l\u00f6btau.de\/wp-content\/uploads\/IMG-20250320-WA0037-1152x1536.jpg 1152w\" sizes=\"auto, (max-width: 100px) 100vw, 100px\" \/><br>Erik Creutz<\/td><td class=\"has-text-align-center\" data-align=\"center\"><strong>Technischer Leiter (Reparaturen,<\/strong><br><strong>Fragen Sportplatzgel\u00e4nde,<\/strong><br><strong>Mitorganisator Events)<\/strong><\/td><td class=\"has-text-align-center\" data-align=\"center\"><a href=\"mailto:erik.creutz@spvgg-dresden-l\u00f6btau.de\" target=\"_blank\" rel=\"noreferrer noopener\">erik.creutz@spvgg-dresden-l\u00f6btau.de<\/a><\/td><td class=\"has-text-align-center\" data-align=\"center\">Telefon: <span id=\"eeb-202730-988241\"><\/span><script type=\"text\/javascript\">(function() {var ml=\"3962170-\",mi=\"642370005521\",o=\"\";for(var j=0,l=mi.length;j<l;j++) {o+=ml.charAt(mi.charCodeAt(j)-48);}document.getElementById(\"eeb-202730-988241\").innerHTML = decodeURIComponent(o);}());<\/script><noscript>*protected email*<\/noscript><\/td><\/tr><tr><td><img loading=\"lazy\" decoding=\"async\" width=\"100\" height=\"133\" class=\"wp-image-4132\" style=\"width: 100px;\" src=\"https:\/\/www.spvgg-dresden-l\u00f6btau.de\/wp-content\/uploads\/IMG-20250320-WA0032.jpg\" alt=\"\" srcset=\"https:\/\/www.spvgg-dresden-l\u00f6btau.de\/wp-content\/uploads\/IMG-20250320-WA0032.jpg 1536w, https:\/\/www.spvgg-dresden-l\u00f6btau.de\/wp-content\/uploads\/IMG-20250320-WA0032-225x300.jpg 225w, https:\/\/www.spvgg-dresden-l\u00f6btau.de\/wp-content\/uploads\/IMG-20250320-WA0032-768x1024.jpg 768w, https:\/\/www.spvgg-dresden-l\u00f6btau.de\/wp-content\/uploads\/IMG-20250320-WA0032-113x150.jpg 113w, https:\/\/www.spvgg-dresden-l\u00f6btau.de\/wp-content\/uploads\/IMG-20250320-WA0032-1152x1536.jpg 1152w\" sizes=\"auto, (max-width: 100px) 100vw, 100px\" \/><br>Oliver Dinger<\/td><td class=\"has-text-align-center\" data-align=\"center\"><strong>Busverwaltung<\/strong><\/td><td class=\"has-text-align-center\" data-align=\"center\"><a href=\"mailto:busvermietung@spvgg-dresden-l\u00f6btau.de\" target=\"_blank\" rel=\"noreferrer noopener\">busvermietung@spvgg-dresden-l\u00f6btau.de<\/a><\/td><td class=\"has-text-align-center\" data-align=\"center\">Telefon: <span id=\"eeb-683613-90064\"><\/span><script type=\"text\/javascript\">(function() {var ml=\"-0368741\",mi=\"175206376647\",o=\"\";for(var j=0,l=mi.length;j<l;j++) {o+=ml.charAt(mi.charCodeAt(j)-48);}document.getElementById(\"eeb-683613-90064\").innerHTML = decodeURIComponent(o);}());<\/script><noscript>*protected email*<\/noscript><\/td><\/tr><tr><td><img loading=\"lazy\" decoding=\"async\" width=\"100\" height=\"133\" class=\"wp-image-4135\" style=\"width: 100px;\" src=\"https:\/\/www.spvgg-dresden-l\u00f6btau.de\/wp-content\/uploads\/IMG-20250320-WA0035.jpg\" alt=\"\" srcset=\"https:\/\/www.spvgg-dresden-l\u00f6btau.de\/wp-content\/uploads\/IMG-20250320-WA0035.jpg 1536w, https:\/\/www.spvgg-dresden-l\u00f6btau.de\/wp-content\/uploads\/IMG-20250320-WA0035-225x300.jpg 225w, https:\/\/www.spvgg-dresden-l\u00f6btau.de\/wp-content\/uploads\/IMG-20250320-WA0035-768x1024.jpg 768w, https:\/\/www.spvgg-dresden-l\u00f6btau.de\/wp-content\/uploads\/IMG-20250320-WA0035-113x150.jpg 113w, https:\/\/www.spvgg-dresden-l\u00f6btau.de\/wp-content\/uploads\/IMG-20250320-WA0035-1152x1536.jpg 1152w\" sizes=\"auto, (max-width: 100px) 100vw, 100px\" \/><br>Alexander <br>Marx<\/td><td class=\"has-text-align-center\" data-align=\"center\"><strong>Inventarverwaltung<\/strong><\/td><td class=\"has-text-align-center\" data-align=\"center\"><a href=\"mailto:inventar@spvgg-dresden-l\u00f6btau.de\" data-type=\"mailto\" data-id=\"mailto:inventar@spvgg-dresden-l\u00f6btau.de\" target=\"_blank\" rel=\"noreferrer noopener\">inventar@spvgg-dresden-l\u00f6btau.de<\/a><\/td><td class=\"has-text-align-center\" data-align=\"center\">Telefon:<br><span id=\"eeb-569716-579053\"><\/span><script type=\"text\/javascript\">(function() {var ml=\"19024-73\",mi=\"206754123700\",o=\"\";for(var j=0,l=mi.length;j<l;j++) {o+=ml.charAt(mi.charCodeAt(j)-48);}document.getElementById(\"eeb-569716-579053\").innerHTML = decodeURIComponent(o);}());<\/script><noscript>*protected email*<\/noscript><\/td><\/tr><tr><td><img loading=\"lazy\" decoding=\"async\" width=\"100\" height=\"133\" class=\"wp-image-4136\" style=\"width: 100px;\" src=\"https:\/\/www.spvgg-dresden-l\u00f6btau.de\/wp-content\/uploads\/IMG-20250320-WA0036.jpg\" alt=\"\" srcset=\"https:\/\/www.spvgg-dresden-l\u00f6btau.de\/wp-content\/uploads\/IMG-20250320-WA0036.jpg 1536w, https:\/\/www.spvgg-dresden-l\u00f6btau.de\/wp-content\/uploads\/IMG-20250320-WA0036-225x300.jpg 225w, https:\/\/www.spvgg-dresden-l\u00f6btau.de\/wp-content\/uploads\/IMG-20250320-WA0036-768x1024.jpg 768w, https:\/\/www.spvgg-dresden-l\u00f6btau.de\/wp-content\/uploads\/IMG-20250320-WA0036-113x150.jpg 113w, https:\/\/www.spvgg-dresden-l\u00f6btau.de\/wp-content\/uploads\/IMG-20250320-WA0036-1152x1536.jpg 1152w\" sizes=\"auto, (max-width: 100px) 100vw, 100px\" \/><br>Stephan <br>Rost<\/td><td class=\"has-text-align-center\" data-align=\"center\"><strong>Verantwortlicher Frauen &amp; M\u00e4dchen<\/strong><\/td><td class=\"has-text-align-center\" data-align=\"center\"><a href=\"mailto:Stephan-Abraham@hotmail.com\" target=\"_blank\" rel=\"noreferrer noopener\">Stephan-Rost@outlook.de<\/a><\/td><td class=\"has-text-align-center\" data-align=\"center\">Telefon:  <span id=\"eeb-966364-808662\"><\/span><script type=\"text\/javascript\">(function() {var ml=\"94215-80\",mi=\"7342522624012\",o=\"\";for(var j=0,l=mi.length;j<l;j++) {o+=ml.charAt(mi.charCodeAt(j)-48);}document.getElementById(\"eeb-966364-808662\").innerHTML = decodeURIComponent(o);}());<\/script><noscript>*protected email*<\/noscript> <\/td><\/tr><tr><td><img loading=\"lazy\" decoding=\"async\" width=\"100\" height=\"133\" class=\"wp-image-4143\" style=\"width: 100px;\" src=\"https:\/\/www.spvgg-dresden-l\u00f6btau.de\/wp-content\/uploads\/IMG-20250320-WA0043.jpg\" alt=\"\" srcset=\"https:\/\/www.spvgg-dresden-l\u00f6btau.de\/wp-content\/uploads\/IMG-20250320-WA0043.jpg 1536w, https:\/\/www.spvgg-dresden-l\u00f6btau.de\/wp-content\/uploads\/IMG-20250320-WA0043-225x300.jpg 225w, https:\/\/www.spvgg-dresden-l\u00f6btau.de\/wp-content\/uploads\/IMG-20250320-WA0043-768x1024.jpg 768w, https:\/\/www.spvgg-dresden-l\u00f6btau.de\/wp-content\/uploads\/IMG-20250320-WA0043-113x150.jpg 113w, https:\/\/www.spvgg-dresden-l\u00f6btau.de\/wp-content\/uploads\/IMG-20250320-WA0043-1152x1536.jpg 1152w\" sizes=\"auto, (max-width: 100px) 100vw, 100px\" \/><br>Andreas <br>Hennig<\/td><td class=\"has-text-align-center\" data-align=\"center\"><strong>Verwaltung (Mitgliederverwaltung<\/strong><br><strong>\/Beitr\u00e4ge)<\/strong><\/td><td class=\"has-text-align-center\" data-align=\"center\"><a href=\"mailto:andreas.hennig@freenet.de\" target=\"_blank\" rel=\"noreferrer noopener\">andreas.hennig@freenet.de<\/a><\/td><td class=\"has-text-align-center\" data-align=\"center\">Telefon :  <span id=\"eeb-572839-390337\"><\/span><script type=\"text\/javascript\">(function() {var ml=\"614072-\",mi=\"3140652113120\",o=\"\";for(var j=0,l=mi.length;j<l;j++) {o+=ml.charAt(mi.charCodeAt(j)-48);}document.getElementById(\"eeb-572839-390337\").innerHTML = decodeURIComponent(o);}());<\/script><noscript>*protected email*<\/noscript> <\/td><\/tr><tr><td><img loading=\"lazy\" decoding=\"async\" width=\"100\" height=\"133\" class=\"wp-image-4141\" style=\"width: 100px;\" src=\"https:\/\/www.spvgg-dresden-l\u00f6btau.de\/wp-content\/uploads\/IMG-20250320-WA0041.jpg\" alt=\"\" srcset=\"https:\/\/www.spvgg-dresden-l\u00f6btau.de\/wp-content\/uploads\/IMG-20250320-WA0041.jpg 1536w, https:\/\/www.spvgg-dresden-l\u00f6btau.de\/wp-content\/uploads\/IMG-20250320-WA0041-225x300.jpg 225w, https:\/\/www.spvgg-dresden-l\u00f6btau.de\/wp-content\/uploads\/IMG-20250320-WA0041-768x1024.jpg 768w, https:\/\/www.spvgg-dresden-l\u00f6btau.de\/wp-content\/uploads\/IMG-20250320-WA0041-113x150.jpg 113w, https:\/\/www.spvgg-dresden-l\u00f6btau.de\/wp-content\/uploads\/IMG-20250320-WA0041-1152x1536.jpg 1152w\" sizes=\"auto, (max-width: 100px) 100vw, 100px\" \/><br>Nick M\u00f6ller<\/td><td class=\"has-text-align-center\" data-align=\"center\"><strong>Kleinfeldkoordinator (Nachwuchs)<\/strong><\/td><td class=\"has-text-align-center\" data-align=\"center\"><a href=\"mailto:nachwuchsKF@spvgg-dresden-l\u00f6btau.de\" target=\"_blank\" rel=\"noreferrer noopener\">nachwuchsKF@spvgg-dresden-l\u00f6btau.de<\/a><\/td><td class=\"has-text-align-center\" data-align=\"center\">Telefon : <span id=\"eeb-203505-235197\"><\/span><script type=\"text\/javascript\">(function() {var ml=\"-085174\",mi=\"1435203134662\",o=\"\";for(var j=0,l=mi.length;j<l;j++) {o+=ml.charAt(mi.charCodeAt(j)-48);}document.getElementById(\"eeb-203505-235197\").innerHTML = decodeURIComponent(o);}());<\/script><noscript>*protected email*<\/noscript><\/td><\/tr><tr><td><img loading=\"lazy\" decoding=\"async\" width=\"100\" height=\"133\" class=\"wp-image-4134\" style=\"width: 100px;\" src=\"https:\/\/www.spvgg-dresden-l\u00f6btau.de\/wp-content\/uploads\/IMG-20250320-WA0034.jpg\" alt=\"\" srcset=\"https:\/\/www.spvgg-dresden-l\u00f6btau.de\/wp-content\/uploads\/IMG-20250320-WA0034.jpg 1536w, https:\/\/www.spvgg-dresden-l\u00f6btau.de\/wp-content\/uploads\/IMG-20250320-WA0034-225x300.jpg 225w, https:\/\/www.spvgg-dresden-l\u00f6btau.de\/wp-content\/uploads\/IMG-20250320-WA0034-768x1024.jpg 768w, https:\/\/www.spvgg-dresden-l\u00f6btau.de\/wp-content\/uploads\/IMG-20250320-WA0034-113x150.jpg 113w, https:\/\/www.spvgg-dresden-l\u00f6btau.de\/wp-content\/uploads\/IMG-20250320-WA0034-1152x1536.jpg 1152w\" sizes=\"auto, (max-width: 100px) 100vw, 100px\" \/><br>Matthias <br>Lohoff<\/td><td class=\"has-text-align-center\" data-align=\"center\"><strong>Turnierverantwortlicher\/<\/strong><br><strong>Veranstaltungsorganisator<\/strong><\/td><td class=\"has-text-align-center\" data-align=\"center\"><a href=\"Mailto:matthiaslohoff_fussball@outlook.de\" target=\"_blank\" rel=\"noreferrer noopener\">matthiaslohoff_fussball@outlook.de<\/a><\/td><td class=\"has-text-align-center\" data-align=\"center\">Telefon:  <span id=\"eeb-104094-645556\"><\/span><script type=\"text\/javascript\">(function() {var ml=\"0539-217\",mi=\"067643501326\",o=\"\";for(var j=0,l=mi.length;j<l;j++) {o+=ml.charAt(mi.charCodeAt(j)-48);}document.getElementById(\"eeb-104094-645556\").innerHTML = decodeURIComponent(o);}());<\/script><noscript>*protected email*<\/noscript> <\/td><\/tr><tr><td><img loading=\"lazy\" decoding=\"async\" width=\"100\" height=\"122\" class=\"wp-image-1770\" style=\"width: 100px;\" src=\"https:\/\/www.spvgg-dresden-l\u00f6btau.de\/wp-content\/uploads\/Platzhalter-Person-245x300-1.jpg\" alt=\"\" srcset=\"https:\/\/www.spvgg-dresden-l\u00f6btau.de\/wp-content\/uploads\/Platzhalter-Person-245x300-1.jpg 245w, https:\/\/www.spvgg-dresden-l\u00f6btau.de\/wp-content\/uploads\/Platzhalter-Person-245x300-1-123x150.jpg 123w\" sizes=\"auto, (max-width: 100px) 100vw, 100px\" \/><br>Clemens Wolfram<\/td><td class=\"has-text-align-center\" data-align=\"center\"><strong>Au\u00dfenwirkung \/ Social-Media-Verantwortlicher<\/strong><\/td><td class=\"has-text-align-center\" data-align=\"center\">\/<\/td><td class=\"has-text-align-center\" data-align=\"center\">\/<\/td><\/tr><\/tbody><\/table><\/figure>\n\n\n\n<p>Falls ihr unsere Trainer erreichen wollt, bitte direkt unter den jeweiligen Mannschaften nachschauen!<\/p>\n\n\n\n<p><strong>ALLE ANFRAGEN ZU EINEM PROBETRAINING IM NACHWUCHS BITTE AUF FOLGENDER SEITE:<\/strong> <a href=\"https:\/\/www.spvgg-dresden-l\u00f6btau.de\/?page_id=2161\" data-type=\"page\" data-id=\"2161\">Probetraining Nachwuchs<\/a><\/p>\n\n\n\n<p><strong>Anfragen zur Mitgliedschaft und schriftliche K\u00fcndigungen bitte direkt an <a href=\"mailto:fussball@spvgg-dresden-l\u00f6btau.de\">fussball@spvgg-dresden-l\u00f6btau.de<\/a> senden.<\/strong><\/p>\n\n\n\n<p><strong>B\u00fcrozeit:<\/strong> Dienstag 17:30 bis 18:30 Uhr<br><br><a href=\"http:\/\/xn--spvgg-dresden-lbtau-46b.de\/?page_id=16(\u00f6ffnet in neuem Tab)\">&gt;&gt;&gt; N\u00e4here Infos zur Anmeldung &gt;&gt;&gt; <\/a><\/p>\n\n\n\n<p>Zum Kontaktformular geht es hier entlang: <a href=\"https:\/\/www.spvgg-dresden-l\u00f6btau.de\/?page_id=3288\" data-type=\"page\" data-id=\"3288\">Kontakt<\/a><\/p>\n","protected":false},"excerpt":{"rendered":"<p>Auf dieser Seite befindet sich eine \u00dcbersicht von all unseren wichtigen Ansprechpartnern. Zum einen die Abteilungsleitung, welche aus drei Personen besteht, und den, in den beratender Funktion bestehenden, Beirat. Abteilungsleitung: Steffen Hille Abteilungsleiter, Kassenwart steffenc.hill@arcor.de Telefon: Susan Kosel stellvertretende Abteilungsleiterin,Mitgliederwesen\/Beitr\u00e4ge fussball@spvgg-dresden-l\u00f6btau.de Telefon: Max K\u00fcttner Sportlicher Leiter, Sponsoring m.kuettner@spvgg-dresden-l\u00f6btau.de Telefon: Beirat: Eric Sobczak Sponsoring, Trainerentwicklung sponsoring@spvgg-dresden-l\u00f6btau.de Telefon: Paul Hampel Nachwuchsleiter Gro\u00dffeld,DFBnet [&#8230;]<\/p>\n","protected":false},"author":1,"featured_media":0,"parent":0,"menu_order":0,"comment_status":"closed","ping_status":"closed","template":"","meta":{"footnotes":""},"class_list":["post-14","page","type-page","status-publish","hentry"],"_links":{"self":[{"href":"https:\/\/www.spvgg-dresden-l\u00f6btau.de\/index.php?rest_route=\/wp\/v2\/pages\/14","targetHints":{"allow":["GET"]}}],"collection":[{"href":"https:\/\/www.spvgg-dresden-l\u00f6btau.de\/index.php?rest_route=\/wp\/v2\/pages"}],"about":[{"href":"https:\/\/www.spvgg-dresden-l\u00f6btau.de\/index.php?rest_route=\/wp\/v2\/types\/page"}],"author":[{"embeddable":true,"href":"https:\/\/www.spvgg-dresden-l\u00f6btau.de\/index.php?rest_route=\/wp\/v2\/users\/1"}],"replies":[{"embeddable":true,"href":"https:\/\/www.spvgg-dresden-l\u00f6btau.de\/index.php?rest_route=%2Fwp%2Fv2%2Fcomments&post=14"}],"version-history":[{"count":50,"href":"https:\/\/www.spvgg-dresden-l\u00f6btau.de\/index.php?rest_route=\/wp\/v2\/pages\/14\/revisions"}],"predecessor-version":[{"id":7051,"href":"https:\/\/www.spvgg-dresden-l\u00f6btau.de\/index.php?rest_route=\/wp\/v2\/pages\/14\/revisions\/7051"}],"wp:attachment":[{"href":"https:\/\/www.spvgg-dresden-l\u00f6btau.de\/index.php?rest_route=%2Fwp%2Fv2%2Fmedia&parent=14"}],"curies":[{"name":"wp","href":"https:\/\/api.w.org\/{rel}","templated":true}]}}